s the units digit of x?
6
Suppose -3*r + 5*l + 67 = 0, -l - 1 = -2*l. What is the units digit of r?
4
Let f = -13 + 6. Let v(p) = p**2 - 8*p - 6. Let d be v(5). Let c = f - d. What is the units digit of c?
4
Let v(o) = -23*o - 16. What is the tens digit of v(-14)?
0
Let i(s) = -2*s + 2. What is the units digit of i(-14)?
0
Let x(s) = -s - 1. Let p = -20 + 14. Let n be x(p). Suppose 5*r - 59 = 4*u, 5*r + 4*u = n*u + 71. What is the tens digit of r?
1
Let f(s) = -s**3 - 16*s**2 + 45*s + 21. What is the tens digit of f(-19)?
4
Let u(w) = 3*w**3 - 4*w**2 + 4. What is the tens digit of u(3)?
4
What is the units digit of 10/45*-30*(-6)/4?
0
Let b = 173 - 54. What is the tens digit of b?
1
Suppose 0 = -5*r - 10 - 15. Let z = r - 8. Let h = z - -26. What is the tens digit of h?
1
Let l be (6/8)/(4/64). What is the units digit of 2/(-6) - (-220)/l?
8
Let h(v) = 8 + 0 - 6*v + 3*v + 4*v. What is the units digit of h(-4)?
4
Let m = 6 - 5. Let p(i) = -10*i**2 - i + 1. Let z be p(1). Let n = m - z. What is the tens digit of n?
1
Suppose -3*s - 14 = -2*s. What is the tens digit of 20 - (s - -2)/(-4)?
1
What is the tens digit of (-1206)/(-15)*(4 - (-4)/(-6))?
6
Suppose -2*s + 0*o = 2*o - 4, 4*o = -3*s + 3. Suppose 5*q + 0*q + s*y = 30, 15 = 3*y. What is the units digit of q?
1
Let d(o) = -o**3 - 2*o**2 + 2*o + 1. What is the tens digit of d(-4)?
2
Suppose -o = 3*o - 8. Suppose -4*x + 5*s + o + 18 = 0, -2*x + 10 = -5*s. What is the units digit of x?
5
Let u be (0 + 4)*(-5)/(-4). Suppose -j + u - 1 = 0. What is the units digit of 3*j/6 - -1?
3
Suppose 2*q + 302 = 4*w, -1 = 3*q - 2*q. What is the units digit of w?
5
Suppose 6*i - 19 = 3*i + 5*u, -i = 4*u + 5. Suppose 0*y - i*y = 0. What is the units digit of (y - 1*-10) + -2?
8
Let n = 208 + -134. What is the tens digit of n?
7
Suppose 0 = 2*i - 11 + 1. Suppose -4*t + 42 = -i*k, -2*t + 2*k = k - 18. What is the units digit of (t/3)/(2/3)?
4
Let v be (34 - 1)*3/9. Suppose -v = -4*f + 9. What is the units digit of f?
5
Suppose -r - 8 = -2*r. Let f be r/20*(-5)/(-1). Suppose m + 27 = 2*u - 0, 5*u = f*m + 67. What is the units digit of u?
3
Let g = 2 - -33. Suppose 91 = 4*w + g. What is the tens digit of w?
1
Let l(r) = 12*r**2 + r - 2. What is the units digit of l(1)?
1
Suppose -13*q + 12 = -9*q. Let h be (-3)/(6/(-34)) - 0. Suppose z = -3*m - q*z + 17, 5*m = -z + h. What is the units digit of m?
3
Suppose i = 4*n - 7, -5*i = -0 + 15. Let r = -11 - n. What is the units digit of ((-4)/6)/(1/r)?
8
Suppose -4*r + 0*r = 132. Let n = -22 - r. What is the units digit of n?
1
Let t(h) = h**3 - 6*h**2 + 6*h + 3. Let n(z) = -z**2 + 9*z + 5. Let b be n(9). Let u be t(b). What is the units digit of (-45)/(-10)*u/6?
6
Suppose 0 = -2*n + 4*n - 4. Suppose -7*m + 52 = 3*o - n*m, -2*o - 5*m + 43 = 0. What is the units digit of o?
9
Let f be (-4 - -4)/(1 - 0). Suppose -c - 2*o + 16 = f, -5*o + 6*o = c - 7. What is the units digit of c?
0
Suppose -3*l = -4*r - r - 50, -2*l = -2*r - 20. Let g be ((-2)/2)/(2/6). Let c = g - r. What is the units digit of c?
7
What is the units digit of 147/2 + (-7)/14 - 1?
2
Suppose -5*x + 3 = t, -4*x - 3*t - 4 = -2*x. Let u = x + 0. What is the units digit of u?
1
Suppose -q = -3*d + 5*d - 6, 0 = 3*q - 2*d - 18. Let k = 11 - q. Suppose 0 = -l + k*m, 5*l - 44 = 7*m - 4*m. What is the units digit of l?
0
Let d be 4/(-22) - (-2)/11. Suppose -4*f + 16 = -d*f. Suppose r + 9 = f*r - 4*v, 3*r + 2*v = 27. What is the units digit of r?
7
What is the tens digit of ((-312)/18)/((-4)/6)?
2
Let p = 133 + -62. What is the units digit of p?
1
Suppose -2*p = -3*i - 24, 5*i - 2*p = -6*p - 18. What is the tens digit of ((-8)/i)/((-2)/(-15))?
1
Let p(v) = 2*v**3 - 3*v**2 + 2*v - 2. Suppose -2*w = -3*r + 5*r - 2, -3*r = 4*w - 5. What is the units digit of p(w)?
6
Suppose 0 = -3*g + 9 - 0. Suppose 5*u = 2*u + g. Suppose -u - 14 = -t. What is the tens digit of t?
1
Let f(p) = 5*p**3 - 5*p**2 + p + 4. What is the hundreds digit of f(4)?
2
Let w = -3 + 9. What is the units digit of w?
6
Let z = 41 - -3. What is the tens digit of z?
4
Suppose 0*f - 8 = -2*c - 3*f, f = 0. Suppose 5*b + c*x = -0*b - 14, x = 3*b + 5. What is the tens digit of -51*b*(-1)/(-6)?
1
Let w(v) = -120*v**3 - 3*v**2 - v + 1. What is the units digit of w(-1)?
9
Let p(t) = -t**3 + 12*t**2 - 6*t - 4. Let x(r) = 5*r**3 - 49*r**2 + 23*r + 15. Let z(i) = -9*p(i) - 2*x(i). What is the units digit of z(-11)?
9
Let v be (-8)/28 + (-477)/21. Let f = 8 - v. What is the tens digit of f?
3
Let p = 92 - 61. What is the units digit of p?
1
What is the units digit of (4 + 1)*98/5?
8
Suppose 0 = 3*a - 6*a. Suppose 0 = -3*r - a*r + 27. Suppose 0 = 4*m - r*m + 10. What is the units digit of m?
2
Let i = 24 - 36. Let g(b) = -b - 11. Let r be g(i). Let z(j) = 4*j**3 - j**2 + j - 1. What is the units digit of z(r)?
3
Suppose -5*v - 14 = 2*a, -3*a = 5*v + 8 + 3. What is the units digit of a?
3
Let c = -28 - -40. Let r(t) = -t**3 + 11*t**2 + 14*t - 3. What is the units digit of r(c)?
1
Suppose -3*s = -7*s + 368. What is the tens digit of s?
9
Let j = -61 + 138. What is the units digit of j?
7
Let g = 232 + 93. What is the units digit of g?
5
Let p be 6/(-3)*51/2. Let x be p/2*12/(-9). What is the units digit of (-3)/(-15) - x/(-5)?
7
Let n(o) = -19*o**3 + o**2 - 1. Let i be n(1). Suppose -4*q + 136 = 4*a, 47 = -5*q - 3*a + 225. Let j = q + i. What is the units digit of j?
9
Let w(h) = 2*h**3 - 7*h**2 + 7*h - 5. What is the tens digit of w(4)?
3
Let j be 25 - 6/((-3)/1). Suppose -2*h = -1 + j. Let x = -8 - h. What is the units digit of x?
5
Let r(b) = -15*b - 2. Suppose -2*q = 2*f + 6, f + 6 = -3*q - q. What is the tens digit of r(q)?
1
Let t(u) = u - 2. Let i be t(6). Let o be ((-12)/(-16))/(1/i). Let c(z) = 3*z - 2. What is the units digit of c(o)?
7
Suppose 2*s + 4*f - 110 = -0*s, 4*s = 4*f + 160. Let n = 77 - s. What is the tens digit of n?
3
Suppose -r = -6*r + 80. What is the tens digit of r?
1
Let a(d) = -d - 47. Let s be a(0). Let y = s - -68. What is the units digit of y?
1
Let r(v) = -13*v**3 + 6*v**2 + 8*v + 3. What is the units digit of r(-3)?
4
Let k(z) = -5*z**2 + 0*z - 2*z + 3*z**2 + 2 - z**3. Suppose -7*p = p + 16. What is the units digit of k(p)?
6
Suppose 2*l - 18 = -l. Suppose 4*g = -5*i - 9, 0 = -3*i - g + 2 - l. Let o = 4 + i. What is the units digit of o?
3
Let s(j) = -37*j - 2. What is the units digit of s(-1)?
5
Let r(z) = z**3 - 6*z**2 - 4*z + 1. Let g be r(7). Let u = g - 11. What is the units digit of u?
1
Suppose 0 = -3*f + 2*h - 17, 0 = 5*f - 4*h + 31. What is the units digit of 18 - (f + 1 + 2)?
8
Let i(o) = 4*o - 6. Let g be i(6). Suppose 0*c = -2*c + g. What is the units digit of c?
9
What is the tens digit of -1*(-1)/(-1) + 20?
1
Let f(n) = -39*n + 10. What is the units digit of f(-2)?
8
Suppose 5*s - 75 = 2*s + 4*b, 0 = -2*s + 5*b + 43. What is the units digit of s?
9
Let v(d) = 2*d - 3. What is the tens digit of v(12)?
2
Let f(c) = -9*c + 9. What is the units digit of f(-6)?
3
Let l(i) be the second derivative of 0 - 1/12*i**4 - 2*i - 5/2*i**2 - 4/3*i**3. What is the units digit of l(-7)?
2
Let s(d) = d**3 + 6*d**2 - 13*d + 8. What is the tens digit of s(-6)?
8
Let h = -4 - -14. Suppose k = -4*k + h. What is the tens digit of ((-13)/k)/((-3)/6)?
1
Let w = -12 - -21. Suppose -3*m - w = -c, -2*c + 27 = -0*m + 3*m. What is the units digit of c?
2
Suppose -6*s + 32 = 4*z - 2*s, 31 = 2*z + 5*s. Suppose -40 = -z*g - 2*b, -3*g - 5*b = -4*g + 2. What is the tens digit of g?
1
Let v(d) = -d + 11. Let n(h) = -10. Let w(i) = -3*n(i) - 2*v(i). What is the units digit of w(12)?
2
Let a be 5/10 + 6/(-4). Let m(d) = -d**3 + 9*d**2 + 9*d - 15. Let u be m(10). What is the units digit of a/(-2) - u/2?
3
Let d be (-8)/(-3)*(-13 - -10). Let m = d + 15. What is the units digit of m?
7
Suppose 5*i = -s + 2 - 1, -20 = 5*s. Suppose -i = 3*v - 37. What is the tens digit of v?
1
Let a(n) = -6*n - 3. Let y be (4/(-6))/((-1)/(-3)). What is the units digit of a(y)?
9
Let b(h) = -5*h + 19. Let j(c) = -c + 5. Let p(q) = -2*b(q) + 9*j(q). What is the units digit of p(11)?
8
Let r(a) = 2*a + 5. Let m be r(-6). Let j(n) = n**2 + 3*n + 5. What is the units digit of j(m)?
3
Let z(n) = -n**3 - 8*n**2 - 8*n - 24. What is the units digit of z(-9)?
9
What is the units digit of 1